 x(s) = -3972*s**2 - 15892*s - 20. Calculate x(-4).
-4
Let b(j) = -4*j**3 - 560*j**2 - 532*j - 118. Determine b(-139).
-3454
Let w(q) = 30450*q - 182697. Calculate w(6).
3
Let m(i) = 1492*i + 12396. What is m(-8)?
460
Let z(i) = 1775*i + 10651. What is z(-6)?
1
Let q(h) = 798*h - 19447. Give q(18).
-5083
Let k(w) = 6*w**2 + 282*w - 4873. Calculate k(16).
1175
Let t(d) = -46*d + 2794. Calculate t(66).
-242
Let x(y) = -9*y**2 - 3*y - 179. What is x(-12)?
-1439
Let l(z) = 6*z**2 - 550*z + 6520. Determine l(77).
-256
Let m(k) = -k**3 + 243*k**2 - 696*k + 229666. Calculate m(244).
306
Let m(k) = -37*k**2 - 5315*k - 10472. Determine m(-2).
10
Let b(h) = h**3 + 11*h**2 + 69*h + 1936. What is b(-15)?
1
Let x(t) = 5*t**2 - 283*t + 2973. Give x(43).
49
Let s(d) = d**3 + 1141*d**2 - 15152*d + 1948. Calculate s(13).
-2
Let v(t) = 5*t**3 - 330*t**2 - 233*t + 36249. Give v(65).
-21
Let a(l) = 39*l**2 - 418*l + 1695. What is a(4)?
647
Let b(g) = 192*g + 1560. Give b(-9).
-168
Let x(u) = u**3 - 937*u**2 + 16547*u - 30. Give x(18).
60
Let n(o) = 8*o**3 + 1149*o**2 - 370*o + 8935. What is n(-144)?
7
Let g(p) = -1495*p - 8959. Calculate g(-6).
11
Let x(m) = -204*m - 4324. Give x(-20).
-244
Let g(v) = -188*v + 16193. What is g(87)?
-163
Let a(g) = -g**3 - 41*g**2 - 141*g - 4962. Calculate a(-41).
819
Let y(i) = i**3 + 289*i**2 + 10660*i + 2894677. Give y(-287).
-5
Let l(k) = -66*k - 4491. What is l(-78)?
657
Let k(c) = -3778*c + 827380. Determine k(219).
-2
Let r(b) = -b**2 + 853*b + 97406. Calculate r(-102).
-4
Let o(p) = p**3 - 42*p**2 + p - 2541. Give o(43).
-649
Let b(d) = 25*d**2 - 4569*d - 27445. Calculate b(-6).
869
Let v(j) = 14*j**3 - 152*j**2 - 149*j + 1392. What is v(11)?
-5
Let z(y) = 7*y**3 + 10289*y**2 - 1447*y + 33811. Give z(-1470).
1
Let x(z) = 1321*z + 39602. Give x(-30).
-28
Let u(q) = 2*q**3 - 85*q**2 - 927*q + 2683. Give u(51).
-377
Let x(f) = -2133*f - 12762. Determine x(-6).
36
Let s(o) = -41456*o + 621857. Determine s(15).
17
Let h(c) = -530*c + 310. Determine h(1).
-220
Let f(j) = -22*j**2 - 1026*j - 11231. Give f(-29).
21
Let l(w) = w**3 - 4563*w**2 - 9128*w - 10. Calculate l(-2).
-14
Let w(g) = 2*g**3 + 45*g**2 + 146*g - 95. Give w(-17).
602
Let y(j) = 5722*j + 62457. Determine y(-11).
-485
Let q(b) = 4*b**3 + 252*b**2 + 35*b + 237. Calculate q(-63).
-1968
Let k(c) = -c**3 + 50*c**2 - 613*c + 83. Determine k(21).
-1
Let x(u) = -1800*u + 149575. Determine x(83).
175
Let f(v) = v**3 + 14*v**2 - 873*v - 7368. Give f(-8).
0
Let r(m) = 5031*m - 10062. Calculate r(2).
0
Let q(h) = 21*h**2 + 419*h - 168. Determine q(-21).
294
Let y(l) = -l**3 + 40*l**2 - 164*l + 4953. Calculate y(39).
78
Let z(q) = -q**3 + 37*q**2 + 68*q - 966. Determine z(38).
174
Let u(a) = -5*a**2 - 10400*a - 703509. Determine u(-70).
-9
Let g(t) = -69*t + 3253. Give g(50).
-197
Let h(p) = 16*p**2 - 380*p - 49. Give h(23).
-325
Let s(n) = -3*n**2 - 349*n + 203946. Determine s(209).
-38
Let o(d) = 4543*d - 1017589. What is o(224)?
43
Let g(s) = -s**2 - 45*s - 278. What is g(-32)?
138
Let u(i) = 4*i**2 + 68*i - 750. Calculate u(-25).
50
Let h(g) = g**2 - 2181*g + 15273. Give h(7).
55
Let d(m) = 2*m**3 + 115*m**2 - 298*m + 133. Calculate d(-60).
13
Let w(d) = 102*d**2 + 60790*d - 1178. Give w(-596).
14
Let b(j) = j**2 + 43*j + 982. What is b(-14)?
576
Let w(d) = 10283*d + 10294. Calculate w(-1).
11
Let z(k) = 6245*k - 24921. Give z(4).
59
Let b(o) = 8*o**2 - 30*o - 138. What is b(-11)?
1160
Let y(o) = o**3 - 14*o**2 - 26*o + 31. Determine y(11).
-618
Let m(r) = 20541*r - 1869226. Calculate m(91).
5
Let l(j) = 5*j**2 + 238*j + 1579. Determine l(-8).
-5
Let w(g) = -1225*g + 6967. Determine w(6).
-383
Let q(l) = 23*l**3 + 175*l**2 + 174*l - 21. Calculate q(-6).
267
Let l(i) = 23*i**2 + 9774*i - 291. Calculate l(-425).
134
Let w(f) = -176748*f - 883792. Calculate w(-5).
-52
Let v(c) = 4514*c - 26241. Calculate v(6).
843
Let o(w) = 1282*w + 1044686. Calculate o(-815).
-144
Let g(z) = 428*z + 25582. Determine g(-60).
-98
Let c(g) = -7*g**2 + 7139*g - 119335. Give c(17).
5
Let h(l) = 2*l**3 - 910*l**2 - 6463*l - 2305. What is h(462)?
5
Let p(f) = 2*f**2 - 38*f - 1638. What is p(-20)?
-78
Let z(t) = 2*t**3 - 17*t**2 - 391*t + 885. Determine z(18).
3
Let d(p) = -16340*p + 48915. What is d(3)?
-105
Let j(k) = -22505*k + 1327800. What is j(59)?
5
Let n(z) = -z**2 - 12*z + 20. Give n(-13).
7
Let a(n) = n**2 + 2716*n + 101222. Determine a(-38).
-542
Let r(q) = -q**2 - 126*q - 7957. What is r(-55)?
-4052
Let j(i) = -70144*i - 210387. Calculate j(-3).
45
Let u(o) = o**2 + 2008*o - 10034. Give u(5).
31
Let i(c) = 10324*c + 175732. Calculate i(-17).
224
Let a(c) = 492*c**3 + 3*c**2 + 2*c - 6. Give a(1).
491
Let x(u) = 2434*u + 4874. Give x(-2).
6
Let u(g) = -560*g**2 + 179755*g + 1616. Determine u(321).
11
Let z(h) = -1362*h + 2548. Give z(2).
-176
Let i(k) = k**2 - 111522*k - 1226861. Calculate i(-11).
2
Let h(c) = -6*c**3 - 1469*c**2 + 243*c - 408. Determine h(-245).
82
Let w(z) = 13*z**3 - 189*z**2 - 79*z - 159. Determine w(15).
6
Let v(c) = -27*c**2 + 267*c + 67. Determine v(10).
37
Let y(o) = o**3 - 141*o**2 + 280*o - 323. Determine y(139).
-45
Let r(c) = 6057*c + 97012. Determine r(-16).
100
Let p(l) = 1930*l - 57920. What is p(30)?
-20
Let z(i) = 3*i**2 + 32*i - 245. Calculate z(-33).
1966
Let o(d) = -1439*d + 339600. Determine o(236).
-4
Let v(k) = 1232*k - 27119. What is v(22)?
-15
Let l(f) = -4926*f + 24642. Give l(5).
12
Let r(o) = o**2 - 825*o - 26542. Calculate r(-31).
-6
Let r(p) = -94*p + 4306. Give r(66).
-1898
Let z(t) = 238*t + 46487. Calculate z(-191).
1029
Let b(u) = -u**3 + 174*u**2 + 16*u - 3556. Calculate b(174).
-772
Let w(b) = -b**3 - 23*b**2 - 183*b + 103. Calculate w(-11).
664
Let i(p) = 20569*p + 82255. What is i(-4)?
-21
Let x(n) = -48083*n - 144461. Determine x(-3).
-212
Let y(c) = 6*c**3 - 81*c**2 + 94*c + 7. Determine y(12).
-161
Let l(o) = 699*o - 278226. Calculate l(398).
-24
Let h(x) = 3*x**2 - 428*x + 1501. Give h(139).
-28
Let l(c) = -c**3 - 7*c**2 - 420*c - 3946. What is l(-9)?
-4
Let h(m) = -2492*m**2 - 10206*m + 24. Give h(-4).
976
Let n(c) = c**2 + 586*c + 53813. What is n(-114)?
5
Let w(d) = -984*d**2 + 15544*d + 3196. Determine w(16).
-4
Let i(b) = 9*b**2 + 3100*b + 40054. What is i(-331)?
3
Let k(n) = -1569*n + 24. Give k(-1).
1593
Let u(a) = -2*a**2 - 489*a - 22937. What is u(-52)?
-2917
Let s(y) = -4*y**3 + 136*y**2 + 17*y - 616. Give s(34).
-38
Let t(b) = 389*b + 2289. Calculate t(-3).
1122
Let l(m) = m**3 - 17*m**2 + 80*m - 5. Give l(0).
-5
Let t(k) = -2163*k - 209827. Determine t(-97).
-16
Let u(x) = 6348*x - 482485. Calculate u(76).
-37
Let p(x) = 2707*x - 1834. Determine p(1).
873
Let i(d) = -6*d**3 + 1046*d**2 - 345*d + 124. What is i(174)?
646
Let i(c) = 1235*c - 24882. Determine i(19).
-1417
Let v(z) = -4*z**3 + 219*z**2 + 81*z + 210. Calculate v(55).
1640
Let g(f) = -59*f**2 + 1938*f - 9693. Give g(5).
-1478
Let d(m) = 214*m + 105062. Determine d(-491).
-12
Let l(t) = -175*t**2 + 2350*t + 4167. Calculate l(15).
42
Let y(c) = -58541*c - 1580609. Determine y(-27).
-2
Let p(r) = r**3 + 12*r**2 - 202*r + 446. Determine p(6).
-118
Let d(a) = -899*a + 16291. Determine d(19).
-790
Let l(v) = -v**2 + 1171*v - 320438. Give l(436).
22
Let f(v) = -v**3 + 25*v**2 + 2540*v - 59477. What is f(23)?
1
Let d(c) = 24412*c - 1147320. Calculate d(47).
44
Let d(m) = m**3 + 156*m**2 - 885*m - 12888. Calculate d(-161).
-8
Let h(q) = 225*q**2 - 1345*q + 29. Determine h(7).
1639
Let g(o) = -25740*o + 540516. Determine g(21).
-24
Let o(b) = 3*b**3 - 1110*b**2 - 18540*b + 4600. Give o(386).
-32
Let l(v) = v**2 - 8*v - 252. Give l(-7).
-147
Let y(f) = -15*f + 1349. Determine y(3).
1304
Let a(b) = -3*b**2 + 143*b - 2558. Give a(42).
-1844
Let u(k) = -30*k**2 - 367*k + 2605. Calculate u(-18).
-509
Let l(h) = 21969*h + 329551. Give l(-15).
16
Let w(q) = 37990*q + 75724. Calculate w(-2).
-256
Let k(q) = q**3 + 582*q**2 + 7920*q + 21. Determine k(-14).
469
Let w(u) = -14992*u + 74916. Give w(5).
-44
Let o(i) = -2*i**3 - 457*i**2 + 631. What is o(0)?
631
Let v(h) = 2*h**2 - 9802*h - 1713653. Give v(-169).
7
Let o(a) = 7*a**2 - 273*a - 53386. What is o(-70)?
24
Let z(f) = -23*f**3 + 227*f**2 + 43*f + 2. Calculate z(11).
-2671
Let l(w) = 1787*w + 62517. Determine l(-35)